{"id":51,"date":"2012-01-02T18:45:34","date_gmt":"2012-01-02T18:45:34","guid":{"rendered":"http:\/\/www.leperrierveloclub.com\/?page_id=51"},"modified":"2025-05-27T21:50:18","modified_gmt":"2025-05-27T19:50:18","slug":"composition-du-bureau","status":"publish","type":"page","link":"http:\/\/www.leperrierveloclub.com\/index.php\/le-club\/composition-du-bureau","title":{"rendered":"Composition du bureau"},"content":{"rendered":"<h2>Composition du bureau de l&rsquo;ann\u00e9e 2024\/2025 :<\/h2>\n<table id=\"composition-du-bureau\" class=\"les-licencies\" border=\"0\" summary=\"Composition du bureau de l'ann\u00e9e 2024\/2025\" width=\"100%\" cellspacing=\"0\" cellpadding=\"0\">\n<thead>\n<tr>\n<th style=\"text-align: center;\" width=\"33%\">Photo<\/th>\n<th style=\"text-align: center;\" width=\"33%\">Fonction<\/th>\n<th style=\"text-align: center;\">Pr\u00e9nom NoM<\/th>\n<\/tr>\n<\/thead>\n<tbody>\n<tr>\n<td><a class=\"shutterset_\" title=\"Claude DUPONT\" href=\"http:\/\/www.leperrierveloclub.com\/wp-content\/gallery\/les-licencies\/claude-dupont.jpg\"><img decoding=\"async\" class=\"ngg-singlepic ngg-center\" src=\"http:\/\/www.leperrierveloclub.com\/wp-content\/gallery\/les-licencies\/thumbs\/thumbs_claude-dupont.jpg\" alt=\"Claude DUPONT\"><\/a><\/td>\n<td>Pr\u00e9sident<br>Responsable site Internet<\/td>\n<td>Claude DUPONT<\/td>\n<\/tr>\n<tr>\n<td><a class=\"shutterset_\" title=\"Claude MAGRANGEAS\" href=\"http:\/\/www.leperrierveloclub.com\/wp-content\/gallery\/les-licencies\/claude-magrangeas.jpg\"><img decoding=\"async\" class=\"ngg-singlepic ngg-center\" src=\"http:\/\/www.leperrierveloclub.com\/wp-content\/gallery\/les-licencies\/thumbs\/thumbs_claude-magrangeas.jpg\" alt=\"Claude MAGRANGEAS\"><\/a><\/td>\n<td>Vice Pr\u00e9sident<\/td>\n<td>Claude MAGRANGEAS<\/td>\n<\/tr>\n<tr>\n<td><a class=\"shutterset_\" title=\"Bruno STRINGARA\" href=\"http:\/\/www.leperrierveloclub.com\/wp-content\/gallery\/les-licencies\/bruno-stringara.jpg\"><img decoding=\"async\" class=\"ngg-singlepic ngg-center\" src=\"http:\/\/www.leperrierveloclub.com\/wp-content\/gallery\/les-licencies\/thumbs\/thumbs_bruno-stringara.jpg\" alt=\"ABruno STRINGARA\"><\/a><\/td>\n<td>Tr\u00e9sorier<\/td>\n<td>Bruno STRINGARA<\/td>\n<\/tr>\n<tr>\n<td><a class=\"shutterset_\" title=\"Jean-Fran\u00e7ois JOUBERT\" href=\"http:\/\/www.leperrierveloclub.com\/wp-content\/gallery\/les-licencies\/jean-francois-joubert.jpg\"><img decoding=\"async\" class=\"ngg-singlepic ngg-center\" src=\"http:\/\/www.leperrierveloclub.com\/wp-content\/gallery\/les-licencies\/thumbs\/thumbs_jean-francois-joubert.jpg\" alt=\"Jean-Fran\u00e7ois JOUBERT\"><\/a><\/td>\n<td>Secr\u00e9taire<br>Responsable UFOLEP<\/td>\n<td>Jean-Fran\u00e7ois JOUBERT<\/td>\n<\/tr>\n<tr>\n<td><a class=\"shutterset_\" title=\"Andr\u00e9 RABALLAND\" href=\"http:\/\/www.leperrierveloclub.com\/wp-content\/gallery\/les-licencies\/andre-raballand.jpg\"><img decoding=\"async\" class=\"ngg-singlepic ngg-center\" src=\"http:\/\/www.leperrierveloclub.com\/wp-content\/gallery\/les-licencies\/thumbs\/thumbs_jean-andre-raballand.jpg\" alt=\"Andr\u00e9 RABALLAND\"><\/a><\/td>\n<td>Secr\u00e9taire adjoint<br>Responsable circuit entrainement<\/td>\n<td>Andr\u00e9 RABALLAND<\/td>\n<\/tr>\n<\/tbody>\n<\/table>\n\n\n<p><\/p>\n","protected":false},"excerpt":{"rendered":"<p>Composition du bureau de l&rsquo;ann\u00e9e 2024\/2025 : Photo Fonction Pr\u00e9nom NoM Pr\u00e9sidentResponsable site Internet Claude DUPONT Vice Pr\u00e9sident Claude MAGRANGEAS Tr\u00e9sorier Bruno STRINGARA Secr\u00e9taireResponsable UFOLEP Jean-Fran\u00e7ois JOUBERT Secr\u00e9taire adjointResponsable circuit &#8230;<\/p>\n","protected":false},"author":1,"featured_media":0,"parent":23,"menu_order":3,"comment_status":"closed","ping_status":"closed","template":"","meta":{"ngg_post_thumbnail":0,"footnotes":""},"class_list":["post-51","page","type-page","status-publish","hentry"],"_links":{"self":[{"href":"http:\/\/www.leperrierveloclub.com\/index.php\/wp-json\/wp\/v2\/pages\/51","targetHints":{"allow":["GET"]}}],"collection":[{"href":"http:\/\/www.leperrierveloclub.com\/index.php\/wp-json\/wp\/v2\/pages"}],"about":[{"href":"http:\/\/www.leperrierveloclub.com\/index.php\/wp-json\/wp\/v2\/types\/page"}],"author":[{"embeddable":true,"href":"http:\/\/www.leperrierveloclub.com\/index.php\/wp-json\/wp\/v2\/users\/1"}],"replies":[{"embeddable":true,"href":"http:\/\/www.leperrierveloclub.com\/index.php\/wp-json\/wp\/v2\/comments?post=51"}],"version-history":[{"count":43,"href":"http:\/\/www.leperrierveloclub.com\/index.php\/wp-json\/wp\/v2\/pages\/51\/revisions"}],"predecessor-version":[{"id":5645,"href":"http:\/\/www.leperrierveloclub.com\/index.php\/wp-json\/wp\/v2\/pages\/51\/revisions\/5645"}],"up":[{"embeddable":true,"href":"http:\/\/www.leperrierveloclub.com\/index.php\/wp-json\/wp\/v2\/pages\/23"}],"wp:attachment":[{"href":"http:\/\/www.leperrierveloclub.com\/index.php\/wp-json\/wp\/v2\/media?parent=51"}],"curies":[{"name":"wp","href":"https:\/\/api.w.org\/{rel}","templated":true}]}}