{"id":369,"date":"2012-01-30T18:59:06","date_gmt":"2012-01-30T18:59:06","guid":{"rendered":"http:\/\/www.leperrierveloclub.com\/?page_id=369"},"modified":"2025-07-01T09:03:49","modified_gmt":"2025-07-01T07:03:49","slug":"les-entrainements","status":"publish","type":"page","link":"http:\/\/www.leperrierveloclub.com\/index.php\/le-club\/les-entrainements","title":{"rendered":"Les entrainements"},"content":{"rendered":"<h2>Comment se d\u00e9roule les entrainements ?<\/h2>\n<p>Les sorties Club ont repris le samedi matin, d\u00e9part 9H pr\u00e9cises devant l&rsquo;\u00e9glise du Perrier. Et le mercredi matin et le samedi matin rue de Lugny au Perrier, devant les Ateliers Municipaux.<\/p>\n<h3>Les points de d\u00e9part<\/h3>\n<figure id=\"attachment_5666\" aria-describedby=\"caption-attachment-5666\" style=\"width: 300px\" class=\"wp-caption alignnone\"><img loading=\"lazy\" decoding=\"async\" class=\"size-medium wp-image-5666\" src=\"http:\/\/www.leperrierveloclub.com\/wp-content\/uploads\/2025\/07\/Capture-decran-2025-07-01-a-08.57.26-300x296.png\" alt=\"\" width=\"300\" height=\"296\" srcset=\"http:\/\/www.leperrierveloclub.com\/wp-content\/uploads\/2025\/07\/Capture-decran-2025-07-01-a-08.57.26-300x296.png 300w, http:\/\/www.leperrierveloclub.com\/wp-content\/uploads\/2025\/07\/Capture-decran-2025-07-01-a-08.57.26-1024x1011.png 1024w, http:\/\/www.leperrierveloclub.com\/wp-content\/uploads\/2025\/07\/Capture-decran-2025-07-01-a-08.57.26-768x758.png 768w, http:\/\/www.leperrierveloclub.com\/wp-content\/uploads\/2025\/07\/Capture-decran-2025-07-01-a-08.57.26.png 1064w\" sizes=\"auto, (max-width: 300px) 100vw, 300px\" \/><figcaption id=\"caption-attachment-5666\" class=\"wp-caption-text\">1ere impasse sans nom rue de Lugny<\/figcaption><\/figure>\n<p>&nbsp;<\/p>\n<p><strong>A noter que le port du casque est obligatoire.<\/strong><\/p>\n","protected":false},"excerpt":{"rendered":"<p>Comment se d\u00e9roule les entrainements ? Les sorties Club ont repris le samedi matin, d\u00e9part 9H pr\u00e9cises devant l&rsquo;\u00e9glise du Perrier. Et le mercredi matin et le samedi matin rue &#8230;<\/p>\n","protected":false},"author":2,"featured_media":0,"parent":23,"menu_order":5,"comment_status":"closed","ping_status":"closed","template":"","meta":{"ngg_post_thumbnail":0,"footnotes":""},"class_list":["post-369","page","type-page","status-publish","hentry"],"_links":{"self":[{"href":"http:\/\/www.leperrierveloclub.com\/index.php\/wp-json\/wp\/v2\/pages\/369","targetHints":{"allow":["GET"]}}],"collection":[{"href":"http:\/\/www.leperrierveloclub.com\/index.php\/wp-json\/wp\/v2\/pages"}],"about":[{"href":"http:\/\/www.leperrierveloclub.com\/index.php\/wp-json\/wp\/v2\/types\/page"}],"author":[{"embeddable":true,"href":"http:\/\/www.leperrierveloclub.com\/index.php\/wp-json\/wp\/v2\/users\/2"}],"replies":[{"embeddable":true,"href":"http:\/\/www.leperrierveloclub.com\/index.php\/wp-json\/wp\/v2\/comments?post=369"}],"version-history":[{"count":17,"href":"http:\/\/www.leperrierveloclub.com\/index.php\/wp-json\/wp\/v2\/pages\/369\/revisions"}],"predecessor-version":[{"id":5668,"href":"http:\/\/www.leperrierveloclub.com\/index.php\/wp-json\/wp\/v2\/pages\/369\/revisions\/5668"}],"up":[{"embeddable":true,"href":"http:\/\/www.leperrierveloclub.com\/index.php\/wp-json\/wp\/v2\/pages\/23"}],"wp:attachment":[{"href":"http:\/\/www.leperrierveloclub.com\/index.php\/wp-json\/wp\/v2\/media?parent=369"}],"curies":[{"name":"wp","href":"https:\/\/api.w.org\/{rel}","templated":true}]}}

<h2>Comment se déroule les entrainements ?</h2>
<p>Les sorties Club ont repris le samedi matin, départ 9H précises devant l&rsquo;église du Perrier. Et le mercredi matin et le samedi matin rue de Lugny au Perrier, devant les Ateliers Municipaux.</p>
<h3>Les points de départ</h3>
<figure id="attachment_5666" aria-describedby="caption-attachment-5666" style="width: 300px" class="wp-caption alignnone"><img loading="lazy" decoding="async" class="size-medium wp-image-5666" src="http://www.leperrierveloclub.com/wp-content/uploads/2025/07/Capture-decran-2025-07-01-a-08.57.26-300x296.png" alt="" width="300" height="296" srcset="http://www.leperrierveloclub.com/wp-content/uploads/2025/07/Capture-decran-2025-07-01-a-08.57.26-300x296.png 300w, http://www.leperrierveloclub.com/wp-content/uploads/2025/07/Capture-decran-2025-07-01-a-08.57.26-1024x1011.png 1024w, http://www.leperrierveloclub.com/wp-content/uploads/2025/07/Capture-decran-2025-07-01-a-08.57.26-768x758.png 768w, http://www.leperrierveloclub.com/wp-content/uploads/2025/07/Capture-decran-2025-07-01-a-08.57.26.png 1064w" sizes="auto, (max-width: 300px) 100vw, 300px" /><figcaption id="caption-attachment-5666" class="wp-caption-text">1ere impasse sans nom rue de Lugny</figcaption></figure>
<p>&nbsp;</p>
<p><strong>A noter que le port du casque est obligatoire.</strong></p>

<p>Comment se déroule les entrainements ? Les sorties Club ont repris le samedi matin, départ 9H précises devant l&rsquo;église du Perrier. Et le mercredi matin et le samedi matin rue &#8230;</p>
