{"id":189,"date":"2012-01-09T19:02:50","date_gmt":"2012-01-09T19:02:50","guid":{"rendered":"http:\/\/www.leperrierveloclub.com\/?page_id=189"},"modified":"2023-11-13T11:01:28","modified_gmt":"2023-11-13T11:01:28","slug":"accueil","status":"publish","type":"page","link":"http:\/\/www.leperrierveloclub.com\/","title":{"rendered":"Accueil"},"content":{"rendered":"<h1 class=\"western\" lang=\"zxx\"><span style=\"font-family: Arial, sans-serif;\"><span style=\"font-size: xx-large;\">Le mot du pr\u00e9sident<\/span><\/span><\/h1>\n<p lang=\"zxx\"><span style=\"font-family: Arial, sans-serif;\">En mon nom et celui du nouveau Bureau, je vous souhaite la bienvenue sur le site du club.<\/span><\/p>\n<p lang=\"zxx\"><span style=\"font-family: Arial, sans-serif;\">Le poste de pr\u00e9sident est une responsabilit\u00e9, une mission, un challenge qui ne se rel\u00e8ve qu\u2019avec une \u00e9quipe et des partenaires sur lesquels nous pouvons compter. Concsient de la responsabilit\u00e9 qui m&rsquo;incombe, je m&rsquo;engage \u00e0 tout mettre en oeuvre pour r\u00e9pondre \u00e0 vos attentes. Notre association est forte de ses membres et ensemble, je suis convaincu que nous pourrons construire un avenir prometteur pour notre club <\/span><\/p>\n<p lang=\"zxx\"><span style=\"font-family: Arial, sans-serif;\">Nous avons \u00e0 coeur d\u2019accueillir le mieux possible les nouveaux arrivants pour leur permettre d\u2019\u00e9voluer au mieux dans leur pratique du cyclisme, la convivialit\u00e9 et la solidarit\u00e9 sont omnipr\u00e9sentes au sein du groupe. <\/span><\/p>\n<p lang=\"zxx\"><span style=\"font-family: Arial, sans-serif;\">J&rsquo;en profite \u00e9galement pour remercier :<\/span><\/p>\n<ul>\n<li>\n<p lang=\"zxx\"><span style=\"font-family: Arial, sans-serif;\">les membres du bureau qui sont toujours forts de proposition et d\u2019implication personnelle ; <\/span><\/p>\n<\/li>\n<li>\n<p lang=\"zxx\"><span style=\"font-family: Arial, sans-serif;\">les adh\u00e9rents qui s\u2019investissent activement au sein de la vie du club ; <\/span><\/p>\n<\/li>\n<li>\n<p lang=\"zxx\"><span style=\"font-family: Arial, sans-serif;\">les conjoint(e)s, membres des familles, amis qui constituent une \u00e9quipe fid\u00e8le de b\u00e9n\u00e9voles ; <\/span><\/p>\n<\/li>\n<li>\n<p lang=\"zxx\"><span style=\"font-family: Arial, sans-serif;\">les sponsors, partenaires, commer\u00e7ants et artisants du Perrier qui nous permettent d\u2019exister et de mener \u00e0 bien tous nos projets. <\/span><\/p>\n<\/li>\n<li>\n<p lang=\"zxx\"><span style=\"font-family: Arial, sans-serif;\">Mme Le Maire de la commune du PERRIER et son adjointe \u00e0 la vie associative qui nous accompagnent depuis la cr\u00e9ation du club et se rendent disponibles pour nous. <\/span><\/p>\n<\/li>\n<\/ul>\n<p lang=\"zxx\"><span style=\"font-family: Arial, sans-serif;\">Sur ces quelques mots, je souhaite \u00e0 tous une belle saison sportive \u00e0 la hauteur de vos attentes.<\/span><\/p>\n<p lang=\"zxx\">\u00a0\u00a0\u00a0\u00a0\u00a0\u00a0\u00a0\u00a0\u00a0\u00a0\u00a0\u00a0\u00a0\u00a0\u00a0\u00a0\u00a0\u00a0\u00a0\u00a0\u00a0\u00a0\u00a0\u00a0\u00a0\u00a0\u00a0\u00a0\u00a0\u00a0\u00a0\u00a0\u00a0\u00a0\u00a0\u00a0\u00a0\u00a0\u00a0\u00a0\u00a0\u00a0\u00a0\u00a0\u00a0\u00a0\u00a0\u00a0\u00a0\u00a0\u00a0\u00a0\u00a0\u00a0\u00a0\u00a0\u00a0\u00a0\u00a0\u00a0\u00a0\u00a0\u00a0\u00a0\u00a0\u00a0\u00a0\u00a0\u00a0\u00a0\u00a0\u00a0\u00a0\u00a0 Claude DUPONT<\/p>\n<p lang=\"zxx\">\u00a0\u00a0\u00a0\u00a0\u00a0\u00a0\u00a0\u00a0\u00a0\u00a0\u00a0\u00a0\u00a0\u00a0\u00a0\u00a0\u00a0\u00a0\u00a0\u00a0\u00a0\u00a0\u00a0\u00a0\u00a0\u00a0\u00a0\u00a0\u00a0\u00a0\u00a0\u00a0\u00a0\u00a0\u00a0\u00a0\u00a0\u00a0\u00a0\u00a0\u00a0\u00a0\u00a0\u00a0\u00a0\u00a0\u00a0\u00a0\u00a0\u00a0\u00a0\u00a0\u00a0\u00a0\u00a0\u00a0\u00a0\u00a0\u00a0\u00a0\u00a0\u00a0\u00a0\u00a0\u00a0\u00a0\u00a0\u00a0\u00a0\u00a0\u00a0\u00a0\u00a0\u00a0 Pr\u00e9sident du Perrier V\u00e9lo Club<\/p>\n<p>\u00a0<\/p>\n<hr \/>\n<p>Toute l&rsquo;\u00e9quipe du club Le Perrier V\u00e9lo Club vous souhaite la bienvenue sur son site Internet : <a title=\"Lien vers le site Internet du Perrier V\u00e9lo Club\" href=\"http:\/\/www.leperrierveloclub.com\">www.leperrierveloclub.com<\/a><br \/>A travers le site du club, vous retrouverez par exemple :<\/p>\n<ul>\n<li>Les <a title=\"Les derni\u00e8res infos\" href=\"http:\/\/www.leperrierveloclub.com\/?page_id=44\">derni\u00e8res informations<\/a> relatives \u00e0 la vie du club ou au cyclisme<\/li>\n<li>La <a title=\"Les licenci\u00e9s\" href=\"http:\/\/www.leperrierveloclub.com\/?page_id=61\">liste des licenci\u00e9s<\/a> du club<\/li>\n<li>La <a title=\"Composition du bureau\" href=\"http:\/\/www.leperrierveloclub.com\/?page_id=51\">composition<\/a>\u00a0actuelle du bureau<\/li>\n<li>Les <a title=\"Historique\" href=\"http:\/\/www.leperrierveloclub.com\/?page_id=28\">mots du pr\u00e9sident<\/a> pour la cr\u00e9ation du club<\/li>\n<li>Prochainement, toutes <a title=\"Albums photos\" href=\"http:\/\/www.leperrierveloclub.com\/?page_id=276\">les photos<\/a> du club<\/li>\n<li>Nos <a title=\"Les sponsors\" href=\"http:\/\/www.leperrierveloclub.com\/?page_id=118\">sponsors<\/a><\/li>\n<li>&#8230;et toutes les <a title=\"Le club\" href=\"http:\/\/www.leperrierveloclub.com\/?page_id=23\">informations pratiques<\/a> du club<\/li>\n<\/ul>\n<p>Bonne visite sur le site !<br \/>L&rsquo;\u00e9quipe du Perrier V\u00e9lo Club.<\/p>\n\n\n<p><\/p>\n","protected":false},"excerpt":{"rendered":"<p>Le mot du pr\u00e9sident En mon nom et celui du nouveau Bureau, je vous souhaite la bienvenue sur le site du club. Le poste de pr\u00e9sident est une responsabilit\u00e9, une &#8230;<\/p>\n","protected":false},"author":1,"featured_media":0,"parent":0,"menu_order":0,"comment_status":"closed","ping_status":"open","template":"","meta":{"ngg_post_thumbnail":0,"footnotes":""},"class_list":["post-189","page","type-page","status-publish","hentry"],"_links":{"self":[{"href":"http:\/\/www.leperrierveloclub.com\/index.php\/wp-json\/wp\/v2\/pages\/189","targetHints":{"allow":["GET"]}}],"collection":[{"href":"http:\/\/www.leperrierveloclub.com\/index.php\/wp-json\/wp\/v2\/pages"}],"about":[{"href":"http:\/\/www.leperrierveloclub.com\/index.php\/wp-json\/wp\/v2\/types\/page"}],"author":[{"embeddable":true,"href":"http:\/\/www.leperrierveloclub.com\/index.php\/wp-json\/wp\/v2\/users\/1"}],"replies":[{"embeddable":true,"href":"http:\/\/www.leperrierveloclub.com\/index.php\/wp-json\/wp\/v2\/comments?post=189"}],"version-history":[{"count":25,"href":"http:\/\/www.leperrierveloclub.com\/index.php\/wp-json\/wp\/v2\/pages\/189\/revisions"}],"predecessor-version":[{"id":5355,"href":"http:\/\/www.leperrierveloclub.com\/index.php\/wp-json\/wp\/v2\/pages\/189\/revisions\/5355"}],"wp:attachment":[{"href":"http:\/\/www.leperrierveloclub.com\/index.php\/wp-json\/wp\/v2\/media?parent=189"}],"curies":[{"name":"wp","href":"https:\/\/api.w.org\/{rel}","templated":true}]}}

<h1 class="western" lang="zxx"><span style="font-family: Arial, sans-serif;"><span style="font-size: xx-large;">Le mot du président</span></span></h1>
<p lang="zxx"><span style="font-family: Arial, sans-serif;">En mon nom et celui du nouveau Bureau, je vous souhaite la bienvenue sur le site du club.</span></p>
<p lang="zxx"><span style="font-family: Arial, sans-serif;">Le poste de président est une responsabilité, une mission, un challenge qui ne se relève qu’avec une équipe et des partenaires sur lesquels nous pouvons compter. Concsient de la responsabilité qui m&rsquo;incombe, je m&rsquo;engage à tout mettre en oeuvre pour répondre à vos attentes. Notre association est forte de ses membres et ensemble, je suis convaincu que nous pourrons construire un avenir prometteur pour notre club </span></p>
<p lang="zxx"><span style="font-family: Arial, sans-serif;">Nous avons à coeur d’accueillir le mieux possible les nouveaux arrivants pour leur permettre d’évoluer au mieux dans leur pratique du cyclisme, la convivialité et la solidarité sont omniprésentes au sein du groupe. </span></p>
<p lang="zxx"><span style="font-family: Arial, sans-serif;">J&rsquo;en profite également pour remercier :</span></p>
<ul>
<li>
<p lang="zxx"><span style="font-family: Arial, sans-serif;">les membres du bureau qui sont toujours forts de proposition et d’implication personnelle ; </span></p>
</li>
<li>
<p lang="zxx"><span style="font-family: Arial, sans-serif;">les adhérents qui s’investissent activement au sein de la vie du club ; </span></p>
</li>
<li>
<p lang="zxx"><span style="font-family: Arial, sans-serif;">les conjoint(e)s, membres des familles, amis qui constituent une équipe fidèle de bénévoles ; </span></p>
</li>
<li>
<p lang="zxx"><span style="font-family: Arial, sans-serif;">les sponsors, partenaires, commerçants et artisants du Perrier qui nous permettent d’exister et de mener à bien tous nos projets. </span></p>
</li>
<li>
<p lang="zxx"><span style="font-family: Arial, sans-serif;">Mme Le Maire de la commune du PERRIER et son adjointe à la vie associative qui nous accompagnent depuis la création du club et se rendent disponibles pour nous. </span></p>
</li>
</ul>
<p lang="zxx"><span style="font-family: Arial, sans-serif;">Sur ces quelques mots, je souhaite à tous une belle saison sportive à la hauteur de vos attentes.</span></p>
<p lang="zxx">                                                                           Claude DUPONT</p>
<p lang="zxx">                                                                           Président du Perrier Vélo Club</p>
<p> </p>
<hr />
<p>Toute l&rsquo;équipe du club Le Perrier Vélo Club vous souhaite la bienvenue sur son site Internet : <a title="Lien vers le site Internet du Perrier Vélo Club" href="http://www.leperrierveloclub.com">www.leperrierveloclub.com</a><br />A travers le site du club, vous retrouverez par exemple :</p>
<ul>
<li>Les <a title="Les dernières infos" href="http://www.leperrierveloclub.com/?page_id=44">dernières informations</a> relatives à la vie du club ou au cyclisme</li>
<li>La <a title="Les licenciés" href="http://www.leperrierveloclub.com/?page_id=61">liste des licenciés</a> du club</li>
<li>La <a title="Composition du bureau" href="http://www.leperrierveloclub.com/?page_id=51">composition</a> actuelle du bureau</li>
<li>Les <a title="Historique" href="http://www.leperrierveloclub.com/?page_id=28">mots du président</a> pour la création du club</li>
<li>Prochainement, toutes <a title="Albums photos" href="http://www.leperrierveloclub.com/?page_id=276">les photos</a> du club</li>
<li>Nos <a title="Les sponsors" href="http://www.leperrierveloclub.com/?page_id=118">sponsors</a></li>
<li>&#8230;et toutes les <a title="Le club" href="http://www.leperrierveloclub.com/?page_id=23">informations pratiques</a> du club</li>
</ul>
<p>Bonne visite sur le site !<br />L&rsquo;équipe du Perrier Vélo Club.</p>


<p></p>

<p>Le mot du président En mon nom et celui du nouveau Bureau, je vous souhaite la bienvenue sur le site du club. Le poste de président est une responsabilité, une &#8230;</p>
